me number?
False
Let t be (-4 - -6)*(0 + (-6)/(-3)). Is ((-1)/(-2))/(t/2392) composite?
True
Let s = 83 - 39. Suppose -g = 5*z - s, 0*z - 4 = z - 3*g. Is 3 + (2 - z/(-4)) a prime number?
True
Let w(l) = l**2 + 10*l - 19. Let c be (8/(-8))/(2/98). Let s = c + 35. Is w(s) a prime number?
True
Let r(y) = -y**3 + 2*y**2 + 5*y - 3. Let f be r(3). Suppose o + f*o = 1420. Is o composite?
True
Suppose -882 = -7*r + 3829. Is r prime?
True
Suppose -3784 = -o - 0*u + 3*u, 7579 = 2*o + 5*u. Is o a composite number?
True
Suppose -7*d = 10*d - 27149. Is d composite?
False
Suppose -6*j + 5 = -13. Is j/((-3)/4) - (-5 + -3645) a prime number?
False
Let k(l) = 2*l**2 - 3*l - 29. Let a be k(7). Let c = a + 49. Is c prime?
True
Let g(t) be the second derivative of t**4 + 7*t**3/3 + 7*t**2 + 6*t. Let c be g(11). Suppose 5*b - 2499 = 4*o, -4*b + 376 = -4*o - c. Is b prime?
True
Let b = 27195 + -13966. Is b a prime number?
True
Suppose -4*c - 10 = 6. Let m = c - -4. Is (-1)/(m + 3/(-393)) composite?
False
Is (-186074)/(-42)*(-6)/(-2) a prime number?
True
Suppose 2*v + 13197 = c, -39596 = -3*c + 14*v - 9*v. Is c a prime number?
False
Suppose -4*r - 7396 = -2*v, 2*r + 4004 - 322 = 5*v. Let a = 304 - r. Is a a prime number?
False
Let t(p) be the first derivative of 35*p**2/2 + p - 10. Is t(6) composite?
False
Let q(a) = 18*a + 379. Is q(0) a prime number?
True
Let n = -130 + 211. Let a be (-76)/18 + 18/n. Is 2 - (-1 - a) - -98 a prime number?
True
Let d be ((-30)/(-25))/((-2)/(-5)). Is (-3943)/(2 + d + -6) a composite number?
False
Suppose -3*z = 2*z - 40. Is ((-46)/z)/(8/(-416)) a composite number?
True
Suppose 10*t = 13*t - 12. Suppose 2*g + 421 = -w + 1705, -2*w = -t*g + 2560. Is g a prime number?
True
Suppose -2*f - 2*l - 4 = 0, -f + 6*f - 3*l + 10 = 0. Is 10/(4/(-92)*f) prime?
False
Let i(s) be the third derivative of -s**4/24 - s**3/6 - 5*s**2. Let q(m) = -2*m**2 - 5*m + 3. Let d(p) = -2*i(p) - q(p). Is d(8) prime?
False
Let w be 2/(-8) + 105/20. Suppose w*x - 16 = x. Suppose x*q + 11 = -9, 658 = 3*r - 5*q. Is r prime?
True
Suppose 5*j = 2*z + 2022, 9*j = 6*j - 5*z + 1207. Suppose -5*w + 2*b + 96 = -305, -3*b - j = -5*w. Is w prime?
True
Suppose 2*m - 3 = -23. Let q be (-7 - m)*(0 - 1). Let j(k) = -17*k - 4. Is j(q) a prime number?
True
Let n = -12 - -12. Suppose n*c + 12 = 4*c. Suppose -102 + 3 = -c*j. Is j prime?
False
Let p be (-12)/(-8)*18670/15. Let s = p + -1184. Is s prime?
True
Let z = 17360 + -10029. Is z prime?
True
Let p(w) = 17*w - 6. Let t be p(8). Suppose -6*c - t = -664. Is c prime?
True
Suppose 7*w - 365 = 2*w. Suppose -4*o + 77 = 3*l, -o + 6*o = -3*l + w. Let s = l - -36. Is s a prime number?
True
Is 177/(-236) + (-25079)/(-4) a prime number?
True
Let c(d) = 9*d**2 + 2*d + 22*d**2 + 15*d**2 - 1. Is c(2) a prime number?
False
Let d be ((-6)/10)/(8/40). Is (-2 - -3) + (d - -709) composite?
True
Let g = 550 - 373. Is g prime?
False
Suppose -38 = 5*a - 53. Suppose -5*x + 5833 = 4*h, -x - 3516 = -4*x + a*h. Is x a composite number?
True
Let w be -1*(-1 - 0) - 2. Let j be 19*w*24/(-12). Suppose -4*y + 2*m = -2*y - j, 101 = 5*y - 3*m. Is y composite?
True
Suppose 13*p - p - 14436 = 0. Let q = p + 220. Is q prime?
True
Let x(b) = 55*b - 26*b + 13 - 5*b**2 + 14*b**2 - 22*b. Is x(-5) composite?
True
Suppose -24*j + 31*j = 342335. Is j composite?
True
Let j be (-694)/((-4)/40*-5). Is (-1)/(-1 - 1384/j) composite?
False
Let x(c) = -c**2 + 10*c - 5. Let p be x(9). Suppose 4*a - 6 = p*h + 2, 0 = a + 3*h - 6. Suppose -2*i = z - 88, -z - 184 = -a*i - 57. Is i a composite number?
False
Let o = 1170 + -786. Suppose -h = h - o. Suppose 4*r = 3*c + 264, -2*r + c = -h + 58. Is r a prime number?
False
Suppose 3318 = -5*o + 18013. Is o composite?
False
Let l(k) = -10*k - 18. Let r be l(-2). Suppose -4*v + 1922 = -r*v. Is v prime?
False
Let d = -1253 + 3245. Suppose y + 631 - d = 0. Is y composite?
False
Let j(g) = 36*g**2 - 31*g + 131. Is j(14) a prime number?
False
Is 30/(-3 + -3) - -2727 composite?
True
Suppose -5 = -3*f + 2*q - 3, 5*f = -2*q + 14. Suppose 0 = -4*w + 2*u - 32, -u - 24 = f*w - 4*u. Let k(g) = g**2 - 2*g + 10. Is k(w) composite?
True
Let h = 422 - 662. Let a = -147 - h. Is a a prime number?
False
Let m be 24/16 - (2 + 3/(-2)). Suppose -c - 2 + m = 0, 4*c + 385 = 3*f. Is f prime?
True
Let m(c) = -c - 4. Let n be m(-6). Let r(g) = 6*g**2 - 2 - 1 + 6*g**2 + n*g + g. Is r(2) prime?
False
Suppose -71471 = -14*o + 256031. Is o prime?
False
Is ((2051/21)/(3/(-171)))/(-1) composite?
True
Let l(b) = 6 - 2 - 30*b - 29*b. Is l(-9) prime?
False
Let w(y) = y**2 - 3*y + 2. Let r be w(5). Let i be -1 + 13/(26/r). Suppose -a = -3*x - 0*x + 2212, i*x + 4*a - 3715 = 0. Is x prime?
True
Let w be (2/5)/(36/90). Suppose d - 4*q - 12 - 7 = 0, -5*d + 131 = -2*q. Is (w + 1 + d)*3 composite?
True
Suppose -246 = -z - 70. Suppose 14*v - 13*v = z. Suppose 28 - v = -2*r. Is r composite?
True
Suppose 2*z + d = 38256, 3*z = -4*d + 37113 + 20276. Is z prime?
False
Let w(o) be the third derivative of -53*o**4/24 + o**3/6 + 9*o**2. Is w(-6) a composite number?
True
Let y(b) = 363*b**2 - 77*b + 13. Is y(18) a composite number?
False
Suppose -12382 = -9*s + 1487. Is s a composite number?
True
Let n = -528 + 1093. Is n a composite number?
True
Let j = 6 + -41. Is (6 - 4) + 2 - j prime?
False
Suppose 2*k - 9377 = -f, 16*f - 21*f + 18739 = 4*k. Is k a composite number?
False
Let l = 53 - 83. Let u = l + 72. Is 46/(u/9 + -4) composite?
True
Let t = -73 - -81. Is -2*4/(t/(-2903)) prime?
True
Let y(p) be the first derivative of p**2 - 5*p - 5. Let l be y(5). Suppose 4*g + l*i = 484, -2*i = -4*g - 0*i + 484. Is g a composite number?
True
Suppose 0*t = t. Suppose t = 4*c - c. Suppose c = 3*x + 2*x - 65. Is x a composite number?
False
Let o be 2/(-4) + 180/8. Let w(p) = -p**3 + 4*p**2 - 2*p - 3. Let c be w(3). Suppose y - o - 231 = c. Is y a prime number?
False
Let p(r) be the second derivative of -1/3*r**3 + 0 - r + 1/4*r**4 - 1/2*r**2 + 9/20*r**5. Is p(2) composite?
False
Let h = -316 + 766. Let r(c) = -2*c**3 + 5*c**2 + 5*c + 5. Let g be r(5). Let s = h + g. Is s prime?
False
Let m = -3738 + 6695. Is m a composite number?
False
Let z be -3*2/12 - (-195)/10. Suppose z*r - 67986 = -11005. Is r prime?
True
Let z = 710 - -877. Let j = z - 909. Suppose 0 = 3*u - 3*x - j, 2*x = -3*x - 15. Is u a prime number?
True
Suppose -5*x = 3730 - 35495. Is x a composite number?
False
Let w(d) = 23*d**2 - 5*d - 7. Suppose -6*u + 10 - 28 = 0. Is w(u) prime?
False
Suppose 12*h - 20697 = 9*h. Is h prime?
True
Let g(i) be the second derivative of 61*i**4/12 + 2*i**3/3 - 3*i**2/2 - 20*i. Is g(-5) a composite number?
True
Let m = -114 - -193. Is m a prime number?
True
Let x be (-31)/(-4) - (-2)/(6 - -2). Suppose -85 = 5*n - 6*n + 4*c, -x = 4*c. Is n a prime number?
False
Suppose -4*c - 20 = 0, -c + 4*c = 3*t - 39. Suppose -b = -u + t, -2*u - 5*b = u. Suppose u*w = 6*w - 21. Is w composite?
True
Let f(t) = 4*t**2 + 1. Let y = -34 + 33. Let z be f(y). Suppose 2*v - 1 = z, -3*c + 2*v + 2067 = 0. Is c a composite number?
False
Let m be (-3)/(-1) + -2 + 2. Suppose k = -5*c + m*k - 8, -4 = 5*c - k. Suppose c = 5*z - 2115 - 2720. Is z composite?
False
Suppose 0 = 3*a - 4*n - 17333, 3774 = -2*a + n + 15331. Is a a composite number?
False
Let j be (-4)/6*(-5634)/(-12). Let v = 528 + j. Suppose v = c + 3*g, 2*c + 3*g - 424 = -0*c. Is c composite?
True
Let b = -24 + 29. Suppose b*y + 2*c + 7 = 0, -3*y - 3*c = -0*y + 6. Is 77 - (y + 7 + -3) a prime number?
False
Suppose 0 = c - 27 - 3. Let i be 538/10 + 6/c. Let b = 5 + i. Is b a composite number?
False
Let z(q) = 5*q**2 + 14*q - 4. Is z(-21) a prime number?
True
Suppose 6*n = 9784 + 14882. Is n a composite number?
False
Let a = -5 - -8. Suppose a*j + 25 = -x + 5*x, 0 = 3*x + 4*j. Suppose -w + 277 = x*v, -5*v + w + 152 = -192. Is v a composite number?
True
Let x(l) = l**2 - 3*l - 2. Let c be x(4). Let q be ((-172)/(-6) - c)*-3. Let n = -11 - q. Is n composite?
True
Let h be ((-5)/4 + 3)*-4. Is 2/h + 12036/84 prime?
False
Let c be (-2)/8 + (-645)/(-20). Let u be ((-1)/2)/(7/(-42)). Let h = u + c. Is h prime?
False
Suppose -4*w + 2*w + k = 859, 3*k - 432 = w. Suppose -13*c + 11*c - 748 = -i, -i = c - 748. Let v = w + i. Is v a prime number?
False
Let s(b) = 66*b - 13. Is s(4)